 of r?
3
Suppose -2*s = -s. Suppose -28 = -2*o - 2*l - 0*l, s = -o + 5*l - 16. Let b = o + -6. What is the units digit of b?
3
Suppose 5*f + 5*y = -42 - 8, 2*y - 5 = 3*f. Let p = -2 + 5. What is the units digit of f/(15/(-18)) + p?
9
Suppose 3*g - 6*l - 14 = -2*l, 4*g = -3*l + 52. Suppose g + 56 = 2*h. What is the tens digit of h?
3
Suppose 162 + 12 = 4*f + 2*p, 180 = 5*f - 5*p. Suppose 64 + f = 5*g. What is the tens digit of g?
2
Let j be 12/(-3) + 1 + 1. What is the units digit of (-2)/(-1) + j - -1?
1
Suppose -k + 2*z - 6 = 0, -4*k - z - 48 = -6. Let x be (-15)/k - 6/(-4). Suppose 2*c - 28 - 5 = -5*j, 0 = c - x*j. What is the units digit of c?
9
Let i be (-27)/(-15) - 1/(-5). Suppose i*x - 5 = 5. What is the units digit of x?
5
Suppose 2*z - 14 = -6. Suppose z*b - 53 + 17 = 0. What is the units digit of b/(-24)*-2*16?
2
Suppose 4*p + p = r - 27, 0 = 5*r - 3*p - 157. What is the tens digit of r?
3
Suppose 0 = 2*m + 3*o - 5*o, -2*m + 3*o - 3 = 0. Let i be (0 - -5)*(-3)/m. What is the units digit of i*((-12)/(-15))/(-2)?
2
What is the tens digit of 164/12*3 + -2?
3
Let w = -129 - -159. What is the units digit of w?
0
Let s(t) = -t**3 + t**2 + t. Let n(v) = -8*v**3 + 7*v**2 + 3*v - 2. Let q(r) = -n(r) + 5*s(r). What is the tens digit of q(2)?
2
Let k(q) = q**3 + 5*q**2 - 8*q + 3. What is the units digit of k(-6)?
5
Suppose 3*x = 4*x - 30. What is the units digit of x/7 - 14/49?
4
Let z = 5 - -4. Let g(n) = -z*n - 3*n**3 + 8*n**2 + 4 + 5*n**3 - n**3. What is the units digit of g(-9)?
4
Suppose -4*u - 2*c = -500, 0 = -2*c + 4. What is the tens digit of u?
2
Let x(w) = 8*w - 3. What is the units digit of x(3)?
1
Let l = 4 - 4. Suppose -c - 3*k + 13 = l, -4*c + 8*c = 5*k + 1. Suppose c*w + 0*w - 4*n - 84 = 0, 5*n = -2*w + 14. What is the units digit of w?
7
What is the units digit of (87 - 4) + (-4)/(-2)?
5
Suppose -5 = m + 4*m, -2*m = 2*f - 2. Suppose -5*w - f*d + 188 = 34, -3*w = -2*d - 86. What is the tens digit of w?
3
Suppose 41 = -4*f + 5*f. What is the tens digit of f?
4
Suppose -n = -4*n - 9. What is the units digit of -2 + n/(3/(-4))?
2
Suppose i = -43 - 1. Let k = -30 - i. What is the tens digit of k?
1
Let j be (-1449)/(-15) - (-3)/(-5). What is the tens digit of (-3 - 0)*j/(-9)?
3
Let t = -7 + 19. Let d(j) = j**3 - 13*j**2 + 12*j + 7. Let z be d(t). Suppose 33 = 3*q - z*x + 3*x, -3*x = 0. What is the tens digit of q?
1
Let j be 4/(6/3)*-2. What is the units digit of j/10 + 111/15?
7
Let m = -4 - -2. Let y be 0/(-5 - m) + 26. Suppose -2*p = -c - 6*p - 3, 5*p = -3*c + y. What is the units digit of c?
7
Suppose -3*x - 41 = -3*j + 70, -2*x = 4*j - 166. What is the units digit of j?
0
Suppose -2 = -2*t, 2*d + 3*t = 2*t + 65. Let m be 6/(-15) + d/5. Let k = m + -5. What is the units digit of k?
1
Let b(x) = x**3 - 6*x**2 + 5*x. Let t be b(5). Suppose h - 9 + t = 0. What is the units digit of h?
9
Let f = 0 - -4. Let d = f + -2. What is the units digit of d?
2
Let g(q) = -1. Let a(p) = -p - 22. Let d(s) = -a(s) + 5*g(s). Suppose -2*b = 4*f + 45 - 5, 17 = -f + 3*b. What is the units digit of d(f)?
6
Suppose 5*h = 2*h - 1800. Let q be (1/2)/((-5)/h). Suppose 7*a - 3*a = q. What is the tens digit of a?
1
Let a(h) = -h + 17. Let t be a(12). What is the tens digit of 6/(-2) + t - -16?
1
Suppose 57 + 298 = 3*x + 4*b, 4*x + 2*b - 470 = 0. What is the hundreds digit of x?
1
Let k be 10/8 - (-3)/(-12). Let x(i) = 6*i + 0*i + i - k - 3*i. What is the units digit of x(2)?
7
Let p be (-22)/(-5) - 2/5. Let t = 10 - p. Suppose 3*c - t*j = -3*j - 3, -2*c = 3*j - 13. What is the units digit of c?
2
Suppose 19 = -0*m - m. Let i = -11 - m. Let p = -6 + i. What is the units digit of p?
2
Let v = -5 - -3. Let g = 16 - v. What is the units digit of g?
8
Let p(a) = -a - 7. Let z be p(-7). Let j be 12 + ((-4)/(-2) - z). Let r = 26 - j. What is the units digit of r?
2
Suppose -528 = 46*y - 50*y. What is the units digit of y?
2
Suppose 2*x = 10 - 0. Let i = 9 - x. Suppose 37 = 3*l + 4*r, 2*l = i*l + 4*r - 30. What is the units digit of l?
7
Suppose 11 = -4*s - 5*q + 2*q, -3*s = -q - 8. Let w = 4 + s. Suppose -w*a + 4*v + 80 = 0, 2*a + a + v = 31. What is the units digit of a?
2
Let w = -14 - -16. Suppose 0 = -w*y + 61 - 3. What is the tens digit of y?
2
Let a be (2 - 4) + 5/1. Suppose 5*d + a = -2. What is the units digit of (-93)/(-18) + d/6?
5
Suppose 1 = 2*k - 3. Suppose -192 = -2*h - k*h. Suppose j - h = -2*j. What is the units digit of j?
6
Let u(j) = j**3 - 4*j**2 - 5*j. Let w be u(4). What is the units digit of 24/w*(-30)/4?
9
Suppose -3*y + 5*r - 14 = -5*y, -4*y - 4*r + 52 = 0. What is the tens digit of y?
1
Suppose -7*h = -184 - 103. Suppose 5*d = 70 - 210. Let q = h + d. What is the units digit of q?
3
Let n = 4 - 4. Let t(h) = -h + 25. What is the tens digit of t(n)?
2
Suppose -2*t - t = -258. What is the tens digit of t?
8
Suppose k = -2*q - 3, 1 - 16 = 5*k + q. Suppose -4*r = -2*r + 6. What is the units digit of 6 - 1/k*r?
5
Suppose -2*s - w = -6, 2*s - 3*w - 4 = -3*s. Suppose 6*i = s*i + 16. Let p = i + 0. What is the units digit of p?
4
What is the tens digit of (12/8 - 1)*152?
7
Let u = -81 + 170. What is the units digit of u?
9
Let c(h) = h**3 - 6*h**2 + 2*h - 8. Let l be c(6). What is the units digit of (72/20)/(l/10)?
9
Let i(g) = 2 + g + 0*g - 2 - 1. What is the units digit of i(4)?
3
Let g = 15 - -11. What is the units digit of g?
6
Let u(j) be the third derivative of -j**6/120 + j**5/20 + j**3/2 + 3*j**2. Let i be u(3). Suppose -i*o = o - 32. What is the units digit of o?
8
Suppose 0 = i + 12 - 33. What is the units digit of i?
1
Let z(w) = 5*w + 17. Let o(n) = 9*n + 33. Let q(h) = 4*o(h) - 7*z(h). What is the units digit of q(-10)?
3
Suppose 2*r = -13 + 135. What is the tens digit of r?
6
Suppose 3*o + 4 = -4*t, -2*t - 4*o = -7*t + 26. Let l(z) = -z + 2. Let x be l(t). Suppose x = 3*m + 2*m - 45. What is the units digit of m?
9
Let m = -1 - 0. What is the tens digit of ((-77)/14)/(m/2)?
1
Let w(o) = -2*o**3 - 2*o**2 - 2. What is the units digit of w(-3)?
4
What is the units digit of 2*4/6*36?
8
Let a be 5/(-25) - (-162)/10. Let d = a - 3. What is the tens digit of d?
1
Suppose 0 = -m - 0 + 4. Suppose 0 = -d + m*d - 27. Let q = 4 + d. What is the tens digit of q?
1
Suppose 6*x = 11*x - 340. Let d = -47 + x. What is the tens digit of d?
2
Suppose 0*z - 12 = 2*z. Let s(i) = i**3 + 6*i**2 + i + 10. What is the units digit of s(z)?
4
Let d = 122 - 5. Suppose -55 = -4*g + d. What is the units digit of g?
3
Suppose b + 0*b + 628 = 5*a, 262 = 2*a + 5*b. Suppose 2*d - a = -5*j, -3*d - 90 = -4*j - d. What is the units digit of j?
4
Let z = 39 + -6. What is the units digit of z?
3
Let l = 4 - -3. Suppose -2*r - 12 = n - 3*n, 3*r + 26 = 5*n. Let t = l + r. What is the units digit of t?
5
Suppose -i + 5*c + 14 = 0, 22 - 1 = i + 2*c. What is the tens digit of i?
1
Let b(d) = d**3 - 5*d**2 - 7*d + 1. What is the units digit of b(7)?
0
Let x = 127 - 19. What is the hundreds digit of x?
1
Let q(f) = -f**3 - 8*f**2 - f - 3. What is the units digit of q(-8)?
5
Let x = 3 - 0. Suppose 5 = a + x. Let v = 2 + a. What is the units digit of v?
4
Let x(i) = i**3 - 7*i**2 + 6*i - 6. What is the units digit of x(7)?
6
Let h = 8 + -6. Suppose -h*n - n + 5*w = -2, 0 = -3*n + w + 22. What is the units digit of n?
9
Suppose 0 = -2*q + 4*g + 74, 0 = -q + 6*q + 2*g - 233. What is the tens digit of q?
4
Suppose 6*t - 11*t + 255 = 0. What is the units digit of t?
1
Let p be 2*-3*(-19)/6. Suppose -5*o = 3*h - 23, 3 = o - 5*h + 4*h. Suppose 0 = o*a - 1 - p. What is the units digit of a?
5
Suppose -2*f + 27 = 5*v, -3*v + 12 = -7*f + 4*f. Suppose 0 = -3*u - v*i + 52 - 0, -3*i = -4*u + 21. What is the units digit of u?
9
Let v = -60 - -102. What is the units digit of v?
2
Suppose -4*m + 18 = -3*h, 0 = -m + 2*m - 2*h - 7. Let g be 14/3 - 2/m. Suppose -31 = -3*c - 5*q, -5*q = c + g*c - 45. What is the units digit of c?
7
Let v = 48 + 2. Let d = -28 + v. What is the tens digit of d?
2
Let k be (-3 - 15/(-6))*0. Let h = k + 4. Let j = 7 - h. What is the units digit of j?
3
Let v(p) = 13*p**2 - p. What is the tens digit of v(2)?
5
Suppose 6*y - 34 = 4*y. What is the units digit of y?
7
Suppose 21 = 5*b - 64. Suppose 3*m = -2*q + 8, -2*m + q + b = -0*q. What is the units digit of m?
6
L